ndreds digit of 3567335589?
5
What is the hundreds digit of 20777859?
8
What is the millions digit of 3291258564?
1
What is the tens digit of 194890087?
8
What is the hundreds digit of 185632827?
8
What is the thousands digit of 2143514300?
4
What is the units digit of 8522749526?
6
What is the millions digit of 1133295575?
3
What is the ten thousands digit of 3361876551?
7
What is the ten thousands digit of 266216950?
1
What is the hundred thousands digit of 604885026?
8
What is the thousands digit of 738083581?
3
What is the hundred thousands digit of 18047322?
0
What is the hundred thousands digit of 17897878?
8
What is the thousands digit of 4289507838?
7
What is the units digit of 37857020?
0
What is the ten millions digit of 130567681?
3
What is the billions digit of 3724997745?
3
What is the units digit of 6897244?
4
What is the ten thousands digit of 18937244?
3
What is the thousands digit of 286502837?
2
What is the hundred millions digit of 557532035?
5
What is the ten thousands digit of 3387298486?
9
What is the tens digit of 31568654?
5
What is the hundreds digit of 238191739?
7
What is the hundreds digit of 222028631?
6
What is the units digit of 53350726?
6
What is the ten millions digit of 791962746?
9
What is the units digit of 111503120?
0
What is the ten thousands digit of 45750184?
5
What is the hundreds digit of 172751574?
5
What is the ten millions digit of 47290265?
4
What is the ten thousands digit of 1281945650?
4
What is the millions digit of 56949475?
6
What is the units digit of 15473700?
0
What is the ten millions digit of 54208574?
5
What is the millions digit of 10236287?
0
What is the units digit of 1303489846?
6
What is the hundred thousands digit of 1145572?
1
What is the hundred thousands digit of 12821471?
8
What is the hundreds digit of 547162085?
0
What is the millions digit of 2757763280?
7
What is the thousands digit of 286967069?
7
What is the ten millions digit of 74797649?
7
What is the ten millions digit of 935822560?
3
What is the tens digit of 460963787?
8
What is the hundreds digit of 725114019?
0
What is the millions digit of 432019237?
2
What is the hundred thousands digit of 387540475?
5
What is the hundreds digit of 27421157?
1
What is the hundreds digit of 4281925?
9
What is the ten millions digit of 4858277205?
5
What is the ten thousands digit of 234791943?
9
What is the hundreds digit of 656569623?
6
What is the thousands digit of 383469676?
9
What is the tens digit of 393348458?
5
What is the ten thousands digit of 66878108?
7
What is the ten thousands digit of 543875628?
7
What is the hundreds digit of 29439092?
0
What is the units digit of 1051667751?
1
What is the hundred millions digit of 1180777333?
1
What is the units digit of 2325638?
8
What is the thousands digit of 1754105620?
5
What is the ten thousands digit of 61454165?
5
What is the ten thousands digit of 27329885?
2
What is the hundreds digit of 5406901887?
8
What is the hundred thousands digit of 214142288?
1
What is the millions digit of 28167237?
8
What is the millions digit of 591263994?
1
What is the hundreds digit of 428831997?
9
What is the ten thousands digit of 397141310?
4
What is the millions digit of 93801517?
3
What is the hundred thousands digit of 497865860?
8
What is the ten thousands digit of 141630355?
3
What is the billions digit of 2075311871?
2
What is the ten thousands digit of 20179588?
7
What is the hundred thousands digit of 2558634855?
6
What is the hundred thousands digit of 429922915?
9
What is the thousands digit of 13118640?
8
What is the ten millions digit of 290902347?
9
What is the ten millions digit of 1875918521?
7
What is the ten thousands digit of 3337300703?
0
What is the hundred thousands digit of 192270118?
2
What is the thousands digit of 75567239?
7
What is the tens digit of 1602403027?
2
What is the thousands digit of 164516737?
6
What is the ten thousands digit of 280536480?
3
What is the ten millions digit of 194837092?
9
What is the tens digit of 1411290929?
2
What is the ten millions digit of 89762424?
8
What is the hundreds digit of 3670728?
7
What is the tens digit of 1087091938?
3
What is the tens digit of 4643282?
8
What is the tens digit of 44314035?
3
What is the ten millions digit of 572725263?
7
What is the tens digit of 47208454?
5
What is the hundred thousands digit of 473671164?
6
What is the hundreds digit of 68761164?
1
What is the hundreds digit of 51647188?
1
What is the ten millions digit of 621926870?
2
What is the thousands digit of 63302343?
2
What is the millions digit of 272442021?
2
What is the hundred thousands digit of 536013068?
0
What is the ten thousands digit of 79827849?
2
What is the millions digit of 126684312?
6
What is the ten thousands digit of 71314788?
1
What is the millions digit of 59861254?
9
What is the hundreds digit of 2304571237?
2
What is the hundred thousands digit of 630495541?
4
What is the hundred thousands digit of 295081734?
0
What is the ten thousands digit of 676203084?
0
What is the ten millions digit of 662860037?
6
What is the hundred millions digit of 1326738475?
3
What is the tens digit of 306694?
9
What is the millions digit of 171048278?
1
What is the thousands digit of 992433433?
3
What is the billions digit of 3577518640?
3
What is the ten millions digit of 1116705902?
1
What is the thousands digit of 137991563?
1
What is the hundreds digit of 437595749?
7
What is the ten thousands digit of 679740864?
4
What is the ten millions digit of 171347106?
7
What is the hundreds digit of 372893543?
5
What is the hundreds digit of 157185864?
8
What is the hundreds digit of 346735491?
4
What is the thousands digit of 952316306?
6
What is the hundred thousands digit of 907698175?
6
What is the thousands digit of 10401470?
1
What is the millions digit of 33383403?
3
What is the units digit of 126328667?
7
What is the millions digit of 109076083?
9
What is the units digit of 2388138332?
2
What is the hundreds digit of 351157242?
2
What is the hundred millions digit of 2784062678?
7
What is the ten millions digit of 546058237?
4
What is the tens digit of 1024864132?
3
What is the hundreds digit of 51202597?
5
What is the tens digit of 106437624?
2
What is the thousands digit of 39461296?
1
What is the tens digit of 1124875242?
4
What is the hundred millions digit of 142468640?
1
What is the hundred millions digit of 421880136?
4
What is the millions digit of 223715789?
3
What is the hundred millions digit of 466649322?
4
What is the ten millions digit of 67839581?
6
What is the ten millions digit of 1635881639?
3
What is the hundreds digit of 15914189?
1
What is the ten thousands digit of 43347461?
4
What is the ten thousands digit of 520991437?
9
What is the ten thousands digit of 2774186662?
8
What is the units digit of 24903934?
4
What is the thousands digit of 205328499?
8
What is the thousands digit of 320073697?
3
What is the tens digit of 59016241?
4
What is the hundred millions digit of 621525411?
6
What is the hundreds digit of 144925688?
6
What is the millions digit of 403342880?
3
What is the hundreds digit of 38976101?
1
What is the hundred thousands digit of 3551060456?
0
What is the millions digit of 1278534678?
8
What is the thousands digit of 16682233?
2
What is the tens digit of 698695561?
6
What is the hundreds digit of 1770520345?
3
What is the thousands digit of 89434535?
4
What is the hundred thousands digit of 1348787370?
7
What is the ten thousands digit of 2286925480?
2
What is the units digit of 4554149954?
4
What is the ten millions digit of 54804370?
5
What is the millions digit of 692374710?
2
What is the hundreds digit of 436790602?
6
What is the thousands digit of 51748323?
8
What is the hundred millions digit of 392830282?
3
What is the hundreds digit of 244334675?
6
What is the units digit of 101015987?
7
What is the hundred thousands digit of 250673590?
6
What is the thousands digit of 1559601097?
1
What is the thousands digit of 36954246?
4
What is the hundred millions digit of 1733374470?
7
What is the tens digit of 6331027856?
5
What is the units digit of 158997816?
6
What is the tens digit of 111369868?
6
What is the ten thousands digit of 390575444?
7
What is the ten millions digit of 2864650